
Suppose 0 = -2*i + 7*i + c - 1656, 2*i + 5*c - 667 = 0. Is i a prime number?
True
Let h = -25 + 114. Is h composite?
False
Suppose -2*u - 3 = -3*u. Suppose r = -4*r + 20. Suppose -r*h = -u*h - 53. Is h prime?
True
Is (6/(6/(-187)))/(-1) prime?
False
Let u(q) = -q + 10. Let l be u(8). Suppose -h + w - 3*w = -20, 4*h + l*w = 56. Let o = h - -2. Is o composite?
True
Suppose 0 = 2*n - 3*j - 1376, 3*n - 3*j = 849 + 1218. Is n a prime number?
True
Suppose 3*y + 142 + 272 = 0. Let m = 82 + y. Let b = m + 145. Is b prime?
True
Let k = -1 + 6. Suppose 4*v - 5*j = 42 - 17, -35 = -5*v + k*j. Is v prime?
False
Is (3/(-1))/(3/(-67)) composite?
False
Is ((-59)/2)/(10/(-260)) prime?
False
Let z(d) = d**2 - 1. Let h(a) = 5*a**2 + 12*a - 9. Let i(f) = -h(f) + 6*z(f). Let y be i(10). Let m = y + 52. Is m a prime number?
False
Let i(f) = -2*f**3 - 9*f**2 + 6*f - 3. Is i(-8) composite?
False
Let k(x) = -418*x**3 - x. Is k(-1) a composite number?
False
Let p(z) = 4*z**3 + 3*z**2 - 11*z + 5. Is p(8) composite?
True
Let q = 32 + 87. Is q a composite number?
True
Suppose -209 = 3*p + 268. Let m(a) = a**3 + 4*a**2 + 4*a + 1. Let o be m(-5). Let r = o - p. Is r prime?
False
Suppose -183 + 27 = -4*v. Is v a prime number?
False
Let i(p) be the third derivative of p**4/6 + p**3 - 6*p**2. Is i(7) prime?
False
Let s(k) = -k**2 - 4*k - 3. Let h be s(-3). Suppose h = 3*q - 8*q. Is 2 - (q - 1)*63 a prime number?
False
Let f = -5 - 24. Let d = 17 - f. Is d composite?
True
Let f = 12 - 67. Let p = -36 - f. Is p prime?
True
Let m(w) = 11*w**3 + 9*w**2 + 3. Let x(u) = -17*u**3 - 14*u**2 - 5. Let o(d) = -8*m(d) - 5*x(d). Is o(-4) a composite number?
True
Let f be (-9)/(-36) + (-639)/(-4). Let u = -5 + f. Is u a prime number?
False
Suppose 4*h + 60 = -5*a, -a - h - 8 = 5. Let y(m) = -17*m + 4. Let c be y(a). Suppose -2*o = 2*o - c. Is o composite?
True
Let q = 8 + -5. Let z = -3 + q. Suppose 5*u = 0, 0*j + j - 4*u - 15 = z. Is j prime?
False
Is 7/(-14)*(1 + -615) composite?
False
Let j = -164 + 421. Is j a prime number?
True
Is (-975)/(-10) - 2/4 a composite number?
False
Let d = 5 - 2. Suppose -d*n + 10 = -89. Suppose r = -t + 11, t + 2*t - n = 4*r. Is t a composite number?
False
Let m = 19 - -438. Let b = -266 + m. Is b a prime number?
True
Let n(u) = 14*u**2 + 3*u + 3. Suppose -7*p + 2*p - 10 = 0. Is n(p) composite?
False
Suppose -r + 3*w + 1370 = 0, 4*r + r = 2*w + 6811. Is r composite?
False
Let l(i) = i**2 - 11*i + 12. Let j be l(10). Suppose j*k = -k - 3. Is (-1 + k)/(4/(-50)) a composite number?
True
Is 0 + 1 + (43 - 7) prime?
True
Let r(g) be the second derivative of -g**5/20 + 3*g**4/4 - 4*g**3/3 - 4*g**2 - g. Is r(7) prime?
False
Is ((-212)/(-6))/(6/18) prime?
False
Let v(x) = -x**3 - 2*x**2 + 11*x - 8. Let m be v(-9). Let o(k) = -32*k. Let w be o(-3). Suppose 4*b - m = -w. Is b composite?
True
Let l = 53 + -35. Suppose -5*t = 5*j - 6705, -2 - l = -5*t. Is j a prime number?
False
Let x(p) = 372*p**2 - p. Let b be x(1). Suppose -5*r - b = -2*l - 2*l, -101 = -l + 4*r. Is l a composite number?
False
Suppose 0 = -4*g + 25 + 3. Let x = g + 108. Is x a composite number?
True
Suppose -5*w = -3*y - 682, 0 = w + 2*w + y - 412. Suppose -o + w = 2*n, 177 = 3*n - 5*o - 9. Is n prime?
True
Let v be 0 + (2 - 0/3). Let k(j) = 4 + j + 3*j + j**2 - v. Is k(-5) a prime number?
True
Let k(u) = u**2 - 7*u + 7. Let a be k(5). Let m be -150 + (2 - a/(-3)). Is -1 - (0 + -1) - m a prime number?
True
Suppose 6*q - q - 5 = 0. Let c = -1 + q. Suppose -v + c = -13. Is v a composite number?
False
Let f(s) = -92*s - 5. Let q be f(-6). Suppose -5*v + 18 = -q. Is v composite?
False
Suppose -3*q = 3*n - 6, -4*q - 2 = 3*n - 3*q. Is (-2)/((n/141)/1) prime?
False
Let i = 433 - 174. Is i composite?
True
Suppose -2*r = -15 + 87. Let g = r + 74. Let h = g + -23. Is h prime?
False
Let m(h) = 4*h - 21. Let p be m(6). Suppose 2*s - 2*u = 14, 2 = -5*s + 3*s - 2*u. Suppose 2*x = -s*v - v + 182, v + 273 = p*x. Is x composite?
True
Suppose 6*c = 8696 - 3254. Is c composite?
False
Is ((-251)/2)/((-7)/(-2) + -4) a composite number?
False
Suppose j = 2*j - 211. Is j composite?
False
Suppose 4*v = 4, 4*h - 3*v = 3*h + 44. Is h a prime number?
True
Suppose 3*a - 8*a = 4*h + 4, 2*h - a + 2 = 0. Let f(l) = -3*l**3 + l**2 + 2*l + 1. Is f(h) a composite number?
False
Let d be 15/3 - 3 - -2. Suppose -c + 5*y = -25, d*c - 3*y - 2 = 6*c. Suppose l + 308 = c*l. Is l a composite number?
True
Let d(f) = -2*f + 6. Let q be d(7). Is (9 + q)/((-2)/(-38)) prime?
True
Let r = 11 - 7. Suppose -2*l - 7 = -2*a + 29, -2*a - r*l + 60 = 0. Suppose i = 4 + a. Is i a composite number?
True
Let v be (2/4)/((-1)/(-2)). Suppose 5 = -2*x + v. Is x - (-1 + (-25 - -2)) a composite number?
True
Let o(i) = i - 5. Let v be o(6). Let k be v - (-15 + (-2 - -4)). Let p = k - -21. Is p prime?
False
Let h(l) = 7*l**3 + 3*l**2 - 3*l. Let a(i) = -15*i**3 - 7*i**2 + 7*i - 1. Let y(d) = 2*a(d) + 5*h(d). Is y(3) composite?
False
Let v(c) = 2*c**3 + 2*c**2 + 2*c - 2. Let y(p) = -p**2 + 4*p - 1. Let t be y(3). Let w be v(t). Let h = w - -7. Is h prime?
False
Let c be (-6)/(-15) - 7790/(-25). Suppose 0 = -2*w - 82 + c. Is w composite?
True
Let j(y) = 331*y**3 + y**2 - 2*y + 1. Is j(1) a composite number?
False
Suppose -8 = 3*v + d - 42, 46 = 4*v + 2*d. Let q(z) = z - 4 + v + 4*z. Is q(6) composite?
False
Let o(g) be the first derivative of -2*g**2 + 5*g + 2. Is o(-11) a prime number?
False
Suppose c = 3*m + 512, 4*m - 323 = -2*c - 999. Let k = m + 457. Is k prime?
False
Let f(l) = -54*l - 8. Let s be f(10). Let g = s - -817. Is g prime?
True
Let f(v) = v**2 - v + 4. Let l(s) = -s**3 - 2*s**2 + s - 1. Let j be l(-3). Let q be (j/10)/(2/24). Is f(q) a prime number?
False
Let o = 4 - 1. Suppose -3*j + 14 = x, o*x - 5 + 3 = j. Is (-994)/(-18) - j/18 a prime number?
False
Let p(v) = -v**3 + v**2 - v + 541. Suppose 0 = o + 7*o. Is p(o) prime?
True
Suppose 0 = -2*j + k - 6*k - 9, 4*k = -j - 9. Suppose 84 = p + j*p. Is p prime?
False
Suppose 634 = 2*a - 490. Suppose a + 426 = 4*f. Is f prime?
False
Let l(n) = 3*n**2 - 2*n + 2*n - n + 2 - 12*n**3. Let h be l(2). Is ((-1)/(-2))/((-3)/h) a composite number?
True
Let o = 148 - 24. Let r = -39 + o. Is r composite?
True
Let j = -1133 + 1686. Is j composite?
True
Suppose -g + 3726 = 4*p, -2*g + 3*g = -2*p + 1862. Is 6/(-4)*p/(-6) prime?
True
Let o = 143 + -89. Suppose -x + 2*f - 65 = -6*x, 2*f - o = -4*x. Is x a prime number?
True
Let x(r) = -r + 9. Let t be x(9). Suppose -5*i = 2*g - g - 155, -3*i + 4*g + 93 = t. Suppose 0*z = z - i. Is z a composite number?
False
Let x(u) = u**3 - 6*u**2 - 8*u + 7. Let m be x(7). Let i(l) = l**3 + l**2 + 133. Is i(m) prime?
False
Let a = -17 + 27. Is a a composite number?
True
Let j(v) = 8*v**2 - 2 + 10*v + v**2 - 2*v**2. Let a(m) = 13*m**2 + 19*m - 3. Let u(i) = 6*a(i) - 11*j(i). Is u(5) a composite number?
True
Is (-229166)/(-182) + 4/(-26) prime?
True
Let t(x) = -75*x - 5. Is t(-4) prime?
False
Let a(r) = -r**2 + 17*r - 11. Is a(15) a composite number?
False
Suppose 0 = -7*o + 2*o + 195. Is o + 3 + 4/(-1) a composite number?
True
Let j be -1 + 1 + 2/(-2). Is (j - -36) + (3 - 1) prime?
True
Let n(m) = 26*m**2 - 7*m - 5. Is n(-4) composite?
False
Let q = 4 + -2. Suppose g = -3*o - q*g + 171, 10 = 5*g. Is o composite?
True
Let q = 6 - 2. Let z be (q/(-12))/(1/(-6)). Suppose -2*w = z*w - 268. Is w a prime number?
True
Suppose 3*g = 8 + 4. Suppose 0 = -g*s, -4*t + 250 = s - 66. Is t composite?
False
Let a = 19 + -20. Is (2 - a)*1266/9 a prime number?
False
Let r = -10 + 5. Let c(h) = 4*h**2 + 2 + 0*h - 7*h + h + h**3. Is c(r) composite?
False
Let y(x) = x**2 - 3*x + 3. Let b be y(2). Is 6*((-14)/(-4))/b a composite number?
True
Let y = 23 - 8. Let p = y + -11. Suppose -50 = -2*c - 4*l, p*l = 4*c - 12 - 64. Is c a composite number?
True
Suppose -5*g + 2*f + 4721 = -3942, g + 2*f - 1735 = 0. Is g a composite number?
False
Suppose -2*r - 4*t + 1 = -3, 3*t = -3*r + 3. Suppose -16 = -4*p - r. Suppose p*h - 58 = 3*v, 2*h + 0*v - 18 = -4*v. Is h a composite number?
False
Suppose 0*g + 2*j = -g + 12, g - j = 3. Let o = 91 - g. Is o a prime number?
False
Is (0 + 3)*11902/66 a composite number?
False
Suppose 2*y = 4*y. Suppose 9*x - 4*x = -5*i, y = i - 5*x - 6. Is 0 + (-2)/i - -17 a composite number?
